(i) be the third derivative of 0 + 0*i + 22*i**2 - 1/30*i**5 - 1/12*i**4 + 1/3*i**3. Determine l(-3).
-10
Suppose -3*p = 4*b - 0*p, -5*p = 4*b. Let k be 0*(b + 1)*-1. Let r(l) = 4*l + 2 - 443*l**2 - 5*l + 442*l**2. Give r(k).
2
Let v(l) = -16*l**3 + 7*l**2 + 4*l + 19. Let c(w) = 8*w**3 - 3*w**2 - 2*w - 8. Let f(o) = 7*c(o) + 3*v(o). Let h(d) = d - 5. Let t be h(6). Determine f(t).
7
Let g(a) = -2*a - 11. Let d be (6*9/(-27))/(2/(-8)). Calculate g(d).
-27
Suppose z = 2*n + 10, -2 = 2*z - z + n. Let h be z/(-4)*(-5 + -1). Let k(o) = 3*o - 7*o**2 - o**h + 2 + 3*o**2 - 4. Give k(-4).
-14
Let z(r) be the second derivative of 1/6*r**3 + 0 + 5/2*r**2 - 14*r. What is z(6)?
11
Let l = 79 - 77. Let y(d) = l*d - 2*d**2 - 14 + 2 + 0*d**2 + 8. What is y(4)?
-28
Suppose -4*l - 4*t - 28 = 0, 4*l + 23 = -t - 4*t. Let x = -8 - l. Let c(q) = -q**2 + 4*q - 2. Calculate c(x).
-2
Let v(n) = 5*n**2 + n + 1. Let s(g) = -g - 7. Let j be s(-6). Let t be v(j). Let i(d) = 2*d**2 - 2 - d**3 - 6*d + t + 9*d. Give i(3).
3
Let x(j) = 2*j**2 + 3*j + 3. Suppose -27*s + 5*z = -25*s + 3, 0 = 2*s + z + 9. What is x(s)?
23
Suppose -k + 7 - 3 = 0. Suppose 5*b - 2*f = -23, k*b + 2*f + 16 = -6. Let d(g) be the first derivative of -g**3/3 - 3*g**2 - g + 1. Give d(b).
4
Let u(t) = t**2 + 9*t + 7. Suppose w + 13 = 4. Give u(w).
7
Let h(q) = -q. Let i(m) = -5*m**2 + m + 1. Let b be i(1). Let n(r) = r + 1. Let t(a) = b*h(a) - 2*n(a). Calculate t(5).
3
Let n(s) = s**2 + 5*s - 3. Let h = 0 - -22. Suppose -2*l + 1 = -2*a + 19, 3*l + h = 2*a. Suppose 0*m + a = -m. What is n(m)?
-3
Let n(z) = 2*z - 4. Let w be n(0). Let g(y) = 5*y + 19. Let h be g(w). Let d(f) = 10*f**3 - f**2 + 1. Give d(h).
-10
Let t(z) = 5*z + 1. Let h be 6/27 - (-10)/(-45). Suppose -3*w + 5*s = s + 5, h = -5*w - 3*s + 11. Determine t(w).
6
Let j = 5 - -2. Let x = 4 - j. Let p(i) be the third derivative of -i**6/120 - i**5/30 + i**4/12 - 2*i**3/3 - i**2. Calculate p(x).
-1
Let a be (-75)/(-90) + -10 - (44/24 - 2). Let l(i) = 1. Let u(v) = v + 19. Let q(g) = -4*l(g) + u(g). Give q(a).
6
Let t(v) = v - 5. Suppose 10 = 4*i - 2. Suppose 41 = -i*p - 5*z, 5*z - 15 = 5*p - 0*z. Calculate t(p).
-12
Let i(u) be the third derivative of u**9/60480 + u**7/5040 + u**6/360 - u**5/10 - 13*u**2. Let w(m) be the third derivative of i(m). Give w(0).
2
Let c(w) = -39 - 34 + w**2 - 36 + 107 + 4*w. Give c(-4).
-2
Let o(n) = -3 + 1 - 4*n + 12*n. Let k(j) = -7*j + 3. Suppose 10*v - 560 = -510. Let x(a) = v*k(a) + 4*o(a). Calculate x(6).
-11
Suppose 0 = -3*l + 3, 2*i - 11 + 1 = -4*l. Let d(j) = i + j**3 + 17*j**2 - 4*j + 2*j - 14*j**2. Calculate d(-4).
-5
Let b(w) = -w**3 - w**2 - w - 1. Let k(d) = -d**3 - 2*d**2 - d + 1. Let r(u) = -2*b(u) + k(u). Give r(0).
3
Suppose -3*a = -11*a + 8. Let k(s) = -51*s**2 - 2*s + 1. Give k(a).
-52
Suppose 4*l = -3*b + 116, -l - 3*b - 12 + 41 = 0. Let s = -25 + l. Let j(g) = -g**2 + 5*g - 3. Give j(s).
1
Let t(w) = w**2 - 2*w - 3. Let p be t(-3). Let m(l) = -3*l - 7*l**2 + 3 + p*l - l**3 - 2*l + 3*l**2. Suppose 5*h + 5 = -0*y - 2*y, 2*y = 4*h - 14. What is m(y)?
-7
Let x be ((-222)/(-259))/(1/(-7)). Let w(m) = -m**3 - 7*m**2 - 4*m + 5. Give w(x).
-7
Let i = -92 + 11. Let t = i + 78. Let g(z) = z**2 + 4*z - 1. What is g(t)?
-4
Suppose -22 = -28*q + 62. Let w(y) = -y**2 + 3*y - 3. Give w(q).
-3
Let p(u) = -19 + 0 - 2*u**2 - u + u**3 + u**2. Let m(d) = -4*d**2 + 4*d - 5. Let s be m(-6). Let k = s + 173. What is p(k)?
-19
Let i(p) = p - 5. Let m be i(4). Suppose o - 2*l - 14 = 0, 4*o + 5*l = 2 + 2. Let j(x) = o - 2 - 6*x - 4. What is j(m)?
6
Suppose -5*u = 15, -2*u - u - 17 = -4*d. Suppose 5*i = -t - d*t - 28, -i = -3*t + 2. Let s(v) be the first derivative of -7*v**4/4 + v**2 + v + 5. Give s(t).
6
Let o = 96 - 88. Let f(x) = -x**2 + 9*x - 10. Let l(t) = 2*t**2 - 18*t + 21. Let w(h) = 13*f(h) + 6*l(h). What is w(o)?
4
Suppose 2*g = -3*g + 5. Let v(h) = -g - 4*h**2 + 4 + 2*h - h**3 + 0. Calculate v(-4).
-5
Let l(m) = -6 - 19*m - 20*m**2 - 18*m**2 + 39*m**2. Let b be l(19). Let a(o) = -o**2 - 8*o. Give a(b).
12
Let s(x) be the first derivative of -3*x**3/2 - x**2/2 + 32*x + 12. Let m(a) be the first derivative of s(a). Calculate m(-1).
8
Let j(v) = -19 - 20 - 5*v - 26 + v**2 + 72. Suppose 0 = 5*z - 5 - 20. Give j(z).
7
Let z(m) = -2*m**2 - m**3 + 5 + 0*m**2 - 2 - 5*m**2. Let v be z(-7). Let p(i) = -2 + v - 3 - 3 + 3*i. Determine p(5).
10
Let t(c) = 4*c - 23*c**2 + 60*c**2 + c - 36*c**2. Suppose 2*l + 0 = -10. Determine t(l).
0
Suppose -f - 5*j + 24 = 0, -4*f + 2*j = -2*j. Suppose -5*x - 10 = 0, -i + 2*x + 0*x = -f. Let k(y) = -9 + 2 + y**2 - 5*y + 4*y + 1. Calculate k(i).
-6
Let p(t) = 2*t - 17. Let b(n) = -n - 1. Let s(g) = 4*b(g) + p(g). Determine s(-10).
-1
Let a(n) = 4*n + 1. Let s(g) = -g**3 - 18*g**2 + 38*g - 5. Let l be s(-20). Let u = -36 + l. Calculate a(u).
-3
Let h(a) = 1403 + 1421 + 2*a - 2811. Calculate h(-2).
9
Let s(b) = -8*b**2. Let k(u) = u**2 + 6*u + 7. Let g be k(-4). Determine s(g).
-8
Let x(v) = 9*v**3 - 4*v**2 - 4*v - 9. Let u(w) = -7*w**3 + 3*w**2 + 3*w + 9. Let t(q) = 5*u(q) + 4*x(q). Determine t(0).
9
Let x(h) = -7*h + 1. Let y be (-24)/4 + (-30 - -38). Calculate x(y).
-13
Let q(o) = 17*o - 28. Let p = 1068 - 1066. What is q(p)?
6
Suppose 7*w - 16 = 3*w. Suppose -4*j + 2 + 6 = 0. Let q(m) = 9*m + w*m**2 - 3*m**j - 4*m + 0*m**2. Calculate q(-4).
-4
Let n(v) be the third derivative of 0*v + 10*v**2 + 0 - 1/3*v**3 + 7/24*v**4. What is n(2)?
12
Let o(v) = -5*v - 1. Let h be o(1). Let q(s) = 10 + 6121*s**3 - 2 - 5*s - 6120*s**3 + 5*s**2. Give q(h).
2
Suppose 0 = -5*a + 10, r + 4*a + 5 = 6*a. Let y(q) = -3*q. Suppose 2*u - 6 = u. Let d(x) = -4*x. Let o(z) = u*d(z) - 7*y(z). What is o(r)?
3
Suppose 2*w = 5*w - 63. Let q be (w/(-14))/((-3)/4). Suppose 2*o - o - d = q, -2*d - 4 = 0. Let m(p) = p**2 - 7. What is m(o)?
-7
Let r(o) = o**3 - 7 + 8 + 2*o - 6*o + 2*o**2. Let h be 0 - (-11 + 4 + -2). Suppose 0 = 5*t + 2*a + h, 5*a = 2*t - t + 18. What is r(t)?
4
Let r(w) = -12*w - 4. Let x(u) = -4*u - 1. Let o(m) = -2*r(m) + 7*x(m). What is o(0)?
1
Let f(v) = v**3 - 5*v**2 - 7*v + 3. Let s be (0 - (-1)/2)*12. Let t be f(s). Let p(d) = -d**3 - 3*d**2 + 2*d + 4. What is p(t)?
-2
Let x(v) = -2*v**2 + 15*v - 3. Let u be x(7). Suppose -2*m - u = r - 0*r, -5*m = 0. Let z(g) = -g - 8. Give z(r).
-4
Let a = -13 - -23. Let h(g) = 11 + 9*g - a*g - 3. Give h(10).
-2
Let i(u) = 4*u**2 - u**3 + 2*u**2 - 5*u - u**2 + 4. Let g be -1*(-2)/(5 - 3) + 0. Let l be (9 + 0 + g)*142/355. What is i(l)?
0
Let y(j) = 6*j + 1. Let t be (4 - 4)/7 + 0 + -1. Determine y(t).
-5
Let g(a) = 5*a - 9. Suppose 6 = 3*i, -3*u + 4*i = -i + 31. Determine g(u).
-44
Let a(v) = v - 5 + 13 + 6. Let s(r) = 3*r**3 + 5*r**2 - 2*r - 6. Let n be s(-2). Determine a(n).
8
Let p(r) be the first derivative of 0*r**3 + 1/12*r**4 + 1/2*r**2 + 0*r - 9. Let w(h) be the second derivative of p(h). What is w(-1)?
-2
Let m be (-9*(3 - 4))/(-1). Let d(q) = -3*q - 17. What is d(m)?
10
Let i(k) be the third derivative of -k**4/4 - k**3/6 + 2*k**2. Let j(u) = -u. Let h be j(-4). Suppose -14 + 10 = -h*t. Calculate i(t).
-7
Let h(x) be the third derivative of -15*x**2 + 1/120*x**6 + 0*x + 5/24*x**4 + 0 - 1/6*x**3 + 7/60*x**5. Calculate h(-6).
5
Let x(t) be the second derivative of -t**2 - 1/20*t**5 + 0 + 1/2*t**3 + 3*t + 1/4*t**4. Let y = -2032 - -2034. Determine x(y).
8
Let c = 1977 + -1988. Let w(n) = -n**2 - 8*n + 26. What is w(c)?
-7
Let h(t) = 13*t - 2 - 2 + 160*t**2 - 146*t**2 + t**3. Calculate h(-13).
-4
Let y be (-24)/(-3)*(1 + (-3)/1). Let c(u) = -u**2 - 18*u - 36. What is c(y)?
-4
Let a(f) = 0*f + 3*f**2 + 28 + f**2 - 3*f - f**3 - 27. Let c(s) = -s + 11. Let b be c(7). Calculate a(b).
-11
Let w(r) = -3*r**2 - r - 2. Let s be 440/385 - 29/7. Calculate w(s).
-26
Let o(p) = 5*p**3 - 12*p**2 + 2*p + 1. Let d(t) = -6*t**3 + 14*t**2 - t - 2. Let f(c) = -4*d(c) - 5*o(c). What is f(4)?
-21
Let n(a) = -3856 + 1926 + 1935 + a. What is n(3)?
8
Let y(u) = -33 - 33 + 68. Let o(n) = n - 10. Let i(w) = o(w) + 5*y(w). Give i(6).
6
Suppose -4*y - 26 = -2*y. Let b = y + 10. Let m(p) = -p**3 - 3*p**2 - p + 2. Calculate m(b).
5
Let n(h) = 3*h + 1. Suppose 6*y - 4*y - 4 = -2*f, 0 = 3*f - y - 26. Suppose -3*v + 18 = -3*d, 3*v - 2*d = -v + 18. Let i be v/f - 10/7. Calculate n(i).
-2
